 are the prime factors of n(-6)?
3, 29
Suppose 0 = 13*r - 4*r - 1215. What are the prime factors of r?
3, 5
Suppose -3*u + 7 + 16 = 5*m, -u + 5*m = 19. Let v be (-4 - (u + -4))*2. What are the prime factors of (0 + -1)*34/v?
17
Let y(o) = 4*o - 6. Let s be y(3). Suppose s*n - 4*n - 66 = 0. What are the prime factors of n?
3, 11
Let o = -21 - -39. List the prime factors of o.
2, 3
Let p be -7 - (2 + -2 - 1). What are the prime factors of 4/p + (-60)/(-9)?
2, 3
Let u = -87 - -125. List the prime factors of u.
2, 19
Let p be 2*(-2)/8*-2. Let l be 2 - p - -1*2. Suppose 2 + 3 = d + 2*t, l*t = -9. What are the prime factors of d?
11
Let m(q) = -q**2 - 2. Let i be m(0). List the prime factors of i/8*(-67 - 1).
17
Let g(b) = -15*b - 8 - 4*b**2 + 6*b + 3*b**2. Let o(y) = y**2 + 14*y + 33. Let s be o(-10). List the prime factors of g(s).
2, 3
Let g = 82 + -51. List the prime factors of g.
31
Let h(g) = -g**3 + 5*g**2 - 3*g + 3. Let f be h(4). Suppose -f = -3*v + 4*m, -5*v + 4*m - 6*m - 23 = 0. Let t = v + 5. List the prime factors of t.
2
Suppose -50 = -5*x - 15. Let n = 4 - -1. Suppose n*t = 4*t + x. What are the prime factors of t?
7
Let t = 8 + -5. Suppose t*m + 2*i = -4, -2*m + 0 = -3*i - 19. Suppose -4*g - m*u + 58 = 0, 2*g + 0*u - 23 = 5*u. What are the prime factors of g?
2, 7
Let v(t) = t**2 - 7*t - 11. Suppose 15 = n - 4*n. List the prime factors of v(n).
7
Let s = 28 - -6. List the prime factors of s.
2, 17
Suppose 2*b - 12 = 2*s + 3*b, 12 = -2*s + b. Let g(f) = -8*f + 2*f + 7 + f**2 - 2*f**2. What are the prime factors of g(s)?
7
Let z(o) = o - 5. Let m be z(7). Suppose -m*g + 7*g = -3*r + 56, 16 = g + 3*r. What are the prime factors of g?
2, 5
Suppose -2*i + i + 46 = 0. List the prime factors of i.
2, 23
Let z(y) = 3*y**3 + y**2 - 6*y + 9. What are the prime factors of z(2)?
5
Suppose -2*c = 2*d + 22, -8 + 2 = 2*c - 2*d. Let r be (-12)/(-42) + 100/c. List the prime factors of 70/9 + r/(-63).
2
Let l be (-8)/(-3) - (-2)/(-3). Let i be 0/(0 + 4/l). Suppose z - 5*v = 1 + 4, i = 3*z - v - 29. List the prime factors of z.
2, 5
Let y(m) = -m**3 + 10*m**2 - 4*m + 14. What are the prime factors of y(8)?
2, 5, 11
Let x(i) = -16*i + 10. Let v(y) = 5*y - 1 - y - 4*y + y. Let h(f) = 12*v(f) + x(f). List the prime factors of h(-5).
2, 3
What are the prime factors of 48 - (-7 + 2 + 3)?
2, 5
Let x = -17 - -12. Let k = x - 2. Let z(a) = -a - 4. What are the prime factors of z(k)?
3
Suppose 0 = -2*u - 2*c + 18, -5*u + 41 = 4*c - 3. List the prime factors of 68/5 - u/(-20).
2, 7
Let g(h) be the first derivative of -3*h**4/4 - h**3/3 + h**2/2 + h + 1. Let f be g(-3). Suppose -20 = 5*v - f. List the prime factors of v.
2, 5
Let a = 12 - 7. Let y(z) = 5*z + 2. Let o be y(7). Suppose 6 = -2*k + 3*b, o = 3*k + a*b + 8. What are the prime factors of k?
3
Let x(y) = y**3 + 1. Let o be x(1). Let m(n) = n + n**3 - 3*n**o - 1 - 3*n**2 + n**2. List the prime factors of m(5).
2
Let n(w) = -2*w - 9. List the prime factors of n(-8).
7
Suppose 0 = -2*o + o - 7. Let b = 12 + o. Suppose 0 = -b*v + 16 + 29. List the prime factors of v.
3
Let g(s) = 9*s**2 + 7*s. What are the prime factors of g(3)?
2, 3, 17
Let z be 514/10 - 2/5. Let q = z - 27. Suppose 0 = g + g - q. What are the prime factors of g?
2, 3
Let s be (-4)/(-24) - 1173/18. List the prime factors of 5/2*(-104)/s.
2
Let w = -29 + 53. What are the prime factors of w?
2, 3
Suppose -3*z + 40 = 3*o + 1, 39 = 3*z - 4*o. What are the prime factors of z?
13
Suppose -c + 11 = -9. Suppose 2*z - 12 = c. List the prime factors of z.
2
Let o = -9 - -3. List the prime factors of (72/o)/(0 + -1).
2, 3
Let o = 13 + -3. Let x(k) = 0*k**2 + 7 - 2 - 10*k + k**2 + 8. List the prime factors of x(o).
13
Suppose 3*h - 6 = 18. Let c(q) = q - 6. Let p be c(h). Suppose 0*k - p = -k. What are the prime factors of k?
2
Let s(h) = 7*h - 75. Let q(p) = 3*p - 38. Let w(f) = -5*q(f) + 2*s(f). Let z be w(0). Suppose 4*g - z = 24. List the prime factors of g.
2
Suppose 6*d = 68 + 34. List the prime factors of d.
17
Let j = 4 + -2. Suppose -j*z = -z - 23. Suppose 0 = -5*l + z + 17. List the prime factors of l.
2
Let w be -4 - (1 - -2 - -16). Let g = w - -54. List the prime factors of g.
31
Let n = -99 + 155. Suppose 2*p - n = -2*p. List the prime factors of p.
2, 7
Suppose 0 = -23*u + 2*u + 5271. List the prime factors of u.
251
Let i(q) be the first derivative of 25*q**2/2 + 3*q + 2. Let j be i(9). What are the prime factors of j/44 + 4/(-22)?
5
Let c(x) = -2*x - 2. Let i be c(-3). Suppose i*s - 3*s - 24 = 0. What are the prime factors of s?
2, 3
Suppose 5*d = 5 + 45. Suppose -y - d = -2*y. What are the prime factors of y?
2, 5
Suppose 6 = 4*j - j. Suppose l - j - 4 = 0. What are the prime factors of l?
2, 3
Suppose -249 = -4*y + 139. List the prime factors of y.
97
Suppose 34 - 104 = 4*f - 2*m, -60 = 3*f - 3*m. Let n = 2 - f. What are the prime factors of n?
17
Let i be ((-2)/(-3))/(2/6). Let u(x) = 4*x**2 + 2*x - 3. What are the prime factors of u(i)?
17
Suppose 8*y + 210 = 5*y. What are the prime factors of y/(-3) - (-2)/3?
2, 3
Let o be (-1)/(-2)*(7 + -7). Suppose 2*l - 79 + 33 = o. What are the prime factors of l?
23
Suppose -h + 2024 = 5*k, 4*k + 442 - 2050 = 2*h. List the prime factors of k.
2, 101
Let i(w) = 16*w. Let p be i(1). Suppose -r + p = -5*h - 12, 52 = 3*r + h. Let j = r + -9. List the prime factors of j.
3
Let y = 35 + -24. List the prime factors of y.
11
Suppose -4*x - 8 = -5*n, -n + 2*n = 3*x - 5. Suppose 0 = 3*g - n*g + 48. What are the prime factors of g?
2, 3
Let l be (36/45)/((-1)/(-5)). What are the prime factors of (-2)/(-6)*(5 + l)?
3
Suppose 0 = -b + 3*q + 6, 2*q + 10 + 0 = b. Let o(c) = -c**3 + 19*c**2 - 16*c + 14. What are the prime factors of o(b)?
2, 5
Let i(r) = 2*r + 0*r - 3*r + 1 + 3*r. What are the prime factors of i(2)?
5
Suppose 5*k - 2*h - 4 = 0, 2*h + 6 = -5*k - h. Suppose 0 = -0*w + 4*w - 4. Suppose j = w - 5, -5*q - 3*j + 43 = k. What are the prime factors of q?
11
Let y(t) = t**2 + 1 - 6*t - 5 + 3. Let f be y(7). List the prime factors of -1*-2*21/f.
7
Suppose -2 = -2*g + 38. Suppose 28 = 4*a - g. List the prime factors of a.
2, 3
Let s(c) = -c - 1. Let j(k) = -11*k - 4. Let v(b) = -j(b) + 6*s(b). Let f be v(1). Suppose -f*x = -l - 45, -60 = 2*x - 6*x + 2*l. List the prime factors of x.
3, 5
Suppose -30 = i - 3*i + 2*l, l = 4*i - 69. Suppose b = -6 + i. Suppose -o - c + 6 = -0*c, 3*c + b = 0. List the prime factors of o.
2, 5
Let z = 0 - 0. Suppose -i - l + 16 = l, z = 4*l - 16. What are the prime factors of i?
2
Let t(y) = 2*y + 4. Let h be t(3). Let z = h + -7. Suppose 0 = 2*s - z - 3. What are the prime factors of s?
3
Suppose -2*g + 101 - 99 = 0. Let l be (4/(-6))/((-2)/3). Suppose x - l = g. What are the prime factors of x?
2
Let b(o) = 7*o**2 - o + 1. What are the prime factors of b(2)?
3
Suppose -z = -0*z - 3. Let k(h) = -h**3 - 3*h**2 - h - 3. Let x be k(-3). Suppose -i + z + 4 = x. What are the prime factors of i?
7
Let s(j) = -2*j**2 + 5*j + 5. Let o be s(-4). Let n = o + 86. List the prime factors of n.
3, 13
Let s be -16 - (1 + -2 - -2). Let i = 32 + s. What are the prime factors of 13/5 - (-6)/i?
3
Let t = 21 - 10. Let j = 23 - t. What are the prime factors of j?
2, 3
Let h be ((-114)/(-4))/((-12)/(-16)). Let p = h - 13. List the prime factors of p.
5
Suppose 3*r = 5*h - 0*h - 1063, 0 = 5*r + 5. List the prime factors of h.
2, 53
Let s(q) = 3*q**2 - 16*q - 18. What are the prime factors of s(8)?
2, 23
Suppose -4*o - 8 = -0*o. List the prime factors of 15 - o*(-2)/4.
2, 7
Suppose -3*n = 4*f - 4*n - 102, -f + 3*n = -31. Suppose 17 = 3*d - f. What are the prime factors of d?
2, 7
Suppose -y - 3 = 2*x, 0*x + 15 = -5*x - 5*y. Suppose x = 2*t - 7*t + 210. List the prime factors of t.
2, 3, 7
Suppose -3*m + 120 = 2*m. Let b = m + -16. List the prime factors of ((-18)/b)/(3/(-8)).
2, 3
Let y(o) = 20 - 5*o**2 + 2*o**3 + 3*o + o**2 - 22. List the prime factors of y(3).
5
What are the prime factors of -1 - -3 - (0 + -4)?
2, 3
Let t(h) = -h + 26. What are the prime factors of t(-9)?
5, 7
What are the prime factors of (3 - -3)*(465/18 - -3)?
173
Suppose -3 - 12 = -5*t. Suppose -t*l = -5*l + 8. List the prime factors of l.
2
Suppose -2*a - 3*a = -4*c, 0 = c - 3*a. Let b(n) = 5*n**2 - 3*n - 6. Let i(w) =